 the prime factors of (-1594)/(-7) - 108/(-378)?
2, 3, 19
Suppose 3*h = -h - 6*h. What are the prime factors of 4/1 + 0 + h + 147?
151
Suppose -2*p + 3707 = -3*g, 9*p = 4*p - 3*g + 9236. List the prime factors of p.
43
Suppose -52*i = -32*i - 11040. List the prime factors of i.
2, 3, 23
Let c(v) = -562*v**3 + 30*v**2 + 57*v + 2. List the prime factors of c(-2).
2, 563
Let t(w) = w**2 + 2*w + 3. Let i be t(-3). Suppose 0 = -4*q + i*q - 8. List the prime factors of (q/(-10))/(7/(-245)).
2, 7
Let t = 15 - 29. Let q = 24 + t. Let n = q - -13. List the prime factors of n.
23
Let k(q) = 52*q**3 + 8*q + 4. What are the prime factors of k(3)?
2, 179
Suppose -4*z - 12 = 4*c, z = -5*c + 3*z + 13. List the prime factors of 26 + -7 + (3 - c).
3, 7
Let i = -2034 + 5719. List the prime factors of i.
5, 11, 67
Let l = 7070 + -4686. List the prime factors of l.
2, 149
Let w(g) = -4*g + 26. Let o be w(-5). Suppose 49*c - 351 = o*c. What are the prime factors of c?
3, 13
Suppose -40*q = -32*q + 4008. Let v = 736 + q. What are the prime factors of v?
5, 47
Let n be (-6)/(-1)*4/(-6). Let h be 14/4*n/(-7). Suppose 5*w + 83 = -3*g + 230, -h*g = 2. What are the prime factors of w?
2, 3, 5
Let f(c) = -2*c**3 + 5*c**2 - 7*c + 8. Let w be f(4). Let d = w + 97. List the prime factors of d.
29
Let s = -275 + 312. List the prime factors of s.
37
Suppose -3*w - 2*m - 235 = 65, w = 3*m - 100. Suppose -5*u + 5*r + 75 = 10*r, -4*u + r = -35. What are the prime factors of (-3640)/w + (-4)/u?
2, 3
Suppose -3*h + 2759 = 257. What are the prime factors of h?
2, 3, 139
List the prime factors of (-6)/72*4 + (-11596)/(-12).
2, 3, 7, 23
Let s = 14 + -10. Let v(q) = q**3 - 4*q + 6. Let p be v(s). Suppose 2*f = 4*z + p, 2*z = f - z - 27. What are the prime factors of f?
3
Let z = 32 + -26. Suppose -4*f - 240 = -4*o, 5*o - 300 = -z*f + 2*f. What are the prime factors of o?
2, 3, 5
Suppose -14*t + 48709 = -16783. What are the prime factors of t?
2, 2339
Suppose 0 = -2*f - 17*f + 33896. What are the prime factors of f?
2, 223
Let j(i) = 710*i + 229. What are the prime factors of j(5)?
3779
Let d be 94 - 2/(-6)*0/4. Let n = -79 + d. List the prime factors of n.
3, 5
What are the prime factors of ((-104)/39)/(-1)*2814/4?
2, 7, 67
Let t(c) be the second derivative of 9/2*c**2 + 0 - 2*c - 1/6*c**3. What are the prime factors of t(7)?
2
Let n(i) = 0*i**3 - 28 - 20*i + 29 - i**3 + 14*i**2 + 4*i. List the prime factors of n(5).
2, 73
Suppose 203 = 8*n - 77. List the prime factors of n.
5, 7
Let m(r) = 3 + 20*r + 3*r**2 - 50*r + 24*r. Let z be 1 - 3/(-2)*2. What are the prime factors of m(z)?
3
Suppose -60*y + 67*y - 434 = 0. List the prime factors of y.
2, 31
Let y(z) = 16*z**3 - 51*z**2 - 70*z - 69. Let c(w) = 3*w**3 - 10*w**2 - 14*w - 14. Let g(o) = 11*c(o) - 2*y(o). What are the prime factors of g(11)?
193
Let t = 8 - 0. Let d(k) = 8*k. Let m be d(t). Suppose -m = -2*f - b, 3*f = 2*b + 42 + 47. List the prime factors of f.
31
Let c(h) = -3*h**3 + h**2 - 3*h - 1. Let p(z) = -4*z**3 + 2*z**2 - z + 1. Let m be p(1). List the prime factors of c(m).
3, 11
Suppose 4*g + 122 = q + q, 2*g + 55 = -q. Let h = g + 60. List the prime factors of h.
31
Let h = -45 - -47. Suppose 3*s = 4*m + 442, -h*m = 2*s - 4*s + 292. List the prime factors of s.
2, 71
What are the prime factors of 82/26 + -3 + 21765/65?
5, 67
Let z(l) be the first derivative of -l**3/3 + 5*l**2/2 - 11*l - 2. Let f be z(7). Let p = f + 69. List the prime factors of p.
2, 11
Let u(k) = 142*k + 2. Let t = -27 - -28. List the prime factors of u(t).
2, 3
Suppose 30*q + 5*a = 25*q + 2095, 2*a = -4*q + 1670. What are the prime factors of q?
2, 13
Let t(q) = -3*q**2 + 22*q + 14. Let u be t(8). Let a be 4/(-10) - 2/(-5). List the prime factors of a/u - -46 - -3.
7
Suppose 25*n - 6*n = 1691. What are the prime factors of n?
89
Suppose 2*i = 32*v - 28*v - 9738, 0 = 3*v + 2*i - 7321. What are the prime factors of v?
2437
What are the prime factors of 19520/35 + 10/35?
2, 3, 31
Let p(a) = 10*a - 12. Let g(d) = -5*d - 24. Let y(m) = -11*m - 49. Let s(x) = 7*g(x) - 3*y(x). Let t be s(-13). What are the prime factors of p(t)?
2, 19
List the prime factors of (144/(-5))/((-210)/7700).
2, 3, 11
Let s(c) = 4*c**3 + 3*c**2 + 5*c + 35. List the prime factors of s(6).
17, 61
Let l = -12 - -19. Let d(c) = -c**2 + 6*c + 16. Let f be d(l). List the prime factors of 138/f*(-6)/(-4).
23
Suppose 0 = 4*j - h - 2881, 0*j = 3*j + 5*h - 2155. What are the prime factors of j?
2, 3, 5
Suppose 863 + 8767 = 30*o. List the prime factors of o.
3, 107
Suppose 0 = -u - 139 + 3441. What are the prime factors of u?
2, 13, 127
Let q(u) = -2*u**3 + 18*u**2 - 2*u - 15. Let w(y) = y**3 - 9*y**2 + y + 7. Let l(h) = 3*q(h) + 7*w(h). What are the prime factors of l(10)?
2, 3, 19
List the prime factors of 20/5 + -8 + 1743 + 3.
2, 13, 67
Let n(u) be the second derivative of -9*u**3/2 + u + 20. Let w(p) = -p - 6. Let s be w(-5). List the prime factors of n(s).
3
Suppose 0 = -4*a - 2*d + 780, -d = -2*a + a + 195. List the prime factors of a.
3, 5, 13
Let g(r) be the second derivative of -r**4/12 - 3*r**3 - r**2/2 - 2*r - 11. Let x = -21 - -9. List the prime factors of g(x).
71
Suppose -3*o - 7 = 5. Let s be 1/2*(o + 8). Suppose q - s = b - 20, 2*b + 3*q = 51. List the prime factors of b.
3, 7
Let j(t) = -2*t**3 + 14*t**2 - 2*t. Let o be j(6). What are the prime factors of 162*(-5)/(o/(-8))?
2, 3
Let z be -10 + 11 - (1 + 0). Let t = 7 + z. What are the prime factors of t?
7
Suppose 4*f = -8, -f = 5*h + f - 21. Suppose -h*p = 125 - 515. Suppose -5*w + p - 18 = 0. List the prime factors of w.
2, 3
Let j(s) = s**2 - 7*s + 6. Let i be j(4). What are the prime factors of (52/i)/(-2*(-2)/(-60))?
2, 5, 13
Let b(k) = 30*k + 240. What are the prime factors of b(8)?
2, 3, 5
Let l(h) be the third derivative of h**5/60 - h**4/6 + 3*h**3/2 + 2*h**2. Let a = -49 + 43. What are the prime factors of l(a)?
3, 23
What are the prime factors of 0/7 + 3 - (-253 + -1)?
257
Suppose -11*g = 1091 - 5766. What are the prime factors of g?
5, 17
Let s(u) be the third derivative of 15*u**4/8 + 11*u**3/6 - 28*u**2. List the prime factors of s(4).
191
Suppose 33*i - 96663 - 31476 = 0. What are the prime factors of i?
11, 353
Let a(p) = -p**3 + 7*p**2 - p + 10. Let h be a(7). Suppose q - x = -h*x + 99, -2*x = -q + 91. List the prime factors of 3050/q + 4/(-38).
2
Let x be 8 + -1 + 1 + -3. Suppose x*m + 66 = 271. Let z = -16 + m. What are the prime factors of z?
5
Let u = 198 - 147. What are the prime factors of u?
3, 17
Let w = 557 + -198. Suppose -2*q + 0*q - 129 = -z, -w = -3*z - q. List the prime factors of z.
11
Let g = -416 - -137. Suppose 2*j - 4 = 3*w, -4*j - 10 = 4*w - w. What are the prime factors of w/(-1) - g/9?
3, 11
Let y(c) = 53*c - 22. Let g be y(6). Suppose 0*d - 3*q + 924 = 3*d, g = d + 4*q. What are the prime factors of d?
2, 3, 13
Let d be 3/2 + (-2)/(-4). Let r(b) = b**2 - 3*b + 2. Let l be r(d). Let a(i) = i**3 - 2*i + 8. List the prime factors of a(l).
2
Let u = 6 + -24. Let t = u - -30. What are the prime factors of (4/10)/(t/840)?
2, 7
Let u(v) = v + 1. Let c(g) = -g + 1. Let h(q) = -6*c(q) - 2*u(q). Let d(n) = -6*n + 12. Let j(z) = -5*d(z) - 8*h(z). What are the prime factors of j(0)?
2
Suppose -4*q + 7416 = 4*z, 3*z + 2*q = 6246 - 682. What are the prime factors of z?
2, 29
Suppose -37 = 4*l + 5*s, -s = -2*l - 5 - 10. Let f be 2*3/(-15) - (-126)/(-10). Let a = l - f. List the prime factors of a.
5
Suppose 5*r = -4*n + 5926, -16*n + 14*n - 3560 = -3*r. What are the prime factors of r?
2, 593
Let j(x) = -59*x - 14. Suppose -9*f - 30 = -12. What are the prime factors of j(f)?
2, 13
Let y be ((-8)/12*3)/(-1). Suppose -w = -7*q + y*q - 252, 2*q - 10 = 0. List the prime factors of w.
277
Suppose 5*r = 3 - 113. Let x = 93 + r. What are the prime factors of x?
71
Let z(s) = 8*s**2 - 41*s - 14. What are the prime factors of z(7)?
7, 13
Let h = -17 + 17. Suppose h*i + 5*i = -4*d + 71, 4*d - 49 = -3*i. What are the prime factors of i?
11
Let c(x) = -2*x - 66. Let b be c(17). Let z = 155 + b. List the prime factors of z.
5, 11
Let k be (-12)/(-3 - (-1 - 0)). Suppose -3*y - 15 = -k*y. List the prime factors of 22/(y*2/15).
3, 11
Let l = 34 - -639. What are the prime factors of l?
673
List the prime factor